405 + 2?
-5403
In base 7, what is -116 - 4?
-123
In base 4, what is -10111 + 100?
-10011
In base 10, what is 3 - 1707?
-1704
In base 4, what is 1103 - -1?
1110
In base 3, what is 202002 - 2?
202000
In base 14, what is -3a2 - -1?
-3a1
In base 6, what is -53 + 4?
-45
In base 2, what is 10100 + -101000?
-10100
In base 4, what is 1033 - 11?
1022
In base 8, what is -25 + 0?
-25
In base 9, what is 102 + -8?
83
In base 6, what is -211 - 20?
-231
In base 2, what is -1000111100 + 11?
-1000111001
In base 14, what is 1d9 - -10?
209
In base 9, what is 77 - -3?
81
In base 8, what is 4 - -1644?
1650
In base 16, what is 6 - -3?
9
In base 13, what is -36c + -1?
-370
In base 11, what is -4 + 27?
23
In base 16, what is -d8d - 1?
-d8e
In base 7, what is -11025 + -10?
-11035
In base 14, what is -1 + 43?
42
In base 16, what is 3f1 - -a?
3fb
In base 14, what is 4 + 128c?
1292
In base 4, what is -102 - -30?
-12
In base 11, what is 389 + -14?
375
In base 14, what is -ca - -4?
-c6
In base 7, what is 2 + 6242?
6244
In base 4, what is -2 + 2103?
2101
In base 5, what is 223 + -3013?
-2240
In base 11, what is 19 + -7?
12
In base 16, what is 34 - 1f?
15
In base 7, what is -2641 - 10?
-2651
In base 14, what is 1ad + 2?
1b1
In base 8, what is -5 + 5620?
5613
In base 3, what is 0 - 12220?
-12220
In base 10, what is -297 + -6?
-303
In base 11, what is -7878 + 4?
-7874
In base 14, what is -7 - 2?
-9
In base 14, what is -2c + 82?
54
In base 16, what is -b9 + -1?
-ba
In base 8, what is -265 - 4?
-271
In base 12, what is 688 - -4?
690
In base 8, what is 4 + 4?
10
In base 14, what is -530 + -2?
-532
In base 11, what is 0 + 12?
12
In base 11, what is 34 - 18?
17
In base 12, what is 83 - 23?
60
In base 11, what is -12402 - -3?
-123aa
In base 6, what is 0 - 10325?
-10325
In base 16, what is -3 - 34?
-37
In base 10, what is 267 - -54?
321
In base 16, what is b - 16?
-b
In base 8, what is -10 - 6?
-16
In base 2, what is -100 - 11111101101?
-11111110001
In base 3, what is -11112 + 110?
-11002
In base 7, what is -130 + -4?
-134
In base 3, what is -11 + 11?
0
In base 2, what is -1 + -1100110?
-1100111
In base 16, what is -9 - -6e?
65
In base 2, what is 11100010111 - -101?
11100011100
In base 3, what is 20022 + -200?
12122
In base 13, what is -30a2 + 3?
-309c
In base 14, what is 53 + 21?
74
In base 13, what is -8ac8 + 1?
-8ac7
In base 8, what is 1427 + -5?
1422
In base 8, what is -21 + 0?
-21
In base 8, what is -63 + -5?
-70
In base 16, what is 1 + 3?
4
In base 5, what is 13132 - -3?
13140
In base 8, what is -212 - -1?
-211
In base 10, what is -1120 + -5?
-1125
In base 10, what is -497 + -4?
-501
In base 7, what is -2 - 11113?
-11115
In base 3, what is 111 + 10?
121
In base 9, what is -224 + -5?
-230
In base 3, what is -2 + -2200112?
-2200121
In base 4, what is 11 + -2231?
-2220
In base 15, what is 23 + 3?
26
In base 11, what is 4 + 153?
157
In base 6, what is -4 + -14?
-22
In base 2, what is -11 + -11111?
-100010
In base 8, what is -3 + -20?
-23
In base 5, what is -41 - -10?
-31
In base 9, what is 6 + -2033?
-2026
In base 2, what is 10001111 - -101?
10010100
In base 11, what is 40 - 11?
2a
In base 12, what is 1b + 29?
48
In base 16, what is 45 - 9?
3c
In base 10, what is 0 - 374?
-374
In base 2, what is -1010 + 11?
-111
In base 3, what is -1022 + 11?
-1011
In base 2, what is 10 + 11100101?
11100111
In base 16, what is 8 + -19?
-11
In base 7, what is 166 - -153?
352
In base 2, what is 100 + 11101111?
11110011
In base 16, what is -2640 - 0?
-2640
In base 4, what is -11 + 323?
312
In base 11, what is 558a - 5?
5585
In base 9, what is 37 + 115?
153
In base 8, what is 166 - 2?
164
In base 14, what is 11 + b?
1c
In base 15, what is 8 - -4?
c
In base 5, what is -103 - -1111?
1003
In base 10, what is -3 - 1410?
-1413
In base 9, what is 3 + 24?
27
In base 14, what is -2 + -25?
-27
In base 6, what is -2 - -1053?
1051
In base 15, what is 8 + -e7?
-de
In base 8, what is -1 - -221?
220
In base 7, what is 5546 + -1?
5545
In base 16, what is -a - -19?
f
In base 12, what is 2 + -85?
-83
In base 13, what is -284 - -3?
-281
In base 9, what is -150 + -3?
-153
In base 7, what is 364 - 20?
344
In base 16, what is -24 + 5?
-1f
In base 4, what is 103 + 100?
203
In base 16, what is -10 + -349?
-359
In base 11, what is -3 + -32?
-35
In base 2, what is 0 + -11100110?
-11100110
In base 8, what is -4 - 2654?
-2660
In base 4, what is -113 - -1121?
1002
In base 16, what is -10 + -4?
-14
In base 14, what is 169 + -a?
15d
In base 9, what is -45 - 1?
-46
In base 10, what is -180 + -4?
-184
In base 11, what is a8 + -1?
a7
In base 10, what is 631 - -5?
636
In base 15, what is 4 + 80?
84
In base 12, what is 71 - -4?
75
In base 2, what is 110011100011 - 11?
110011100000
In base 6, what is -2 - -131?
125
In base 6, what is -4 + -1401?
-1405
In base 3, what is -20 + -10020002?
-10020022
In base 16, what is -1 - -1df?
1de
In base 7, what is 4 + -623?
-616
In base 2, what is 1 - -111110?
111111
In base 14, what is 0 - 15?
-15
In base 11, what is 35 - -2?
37
In base 13, what is 2cb + -4?
2c7
In base 3, what is -21101 + 1?
-21100
In base 16, what is -4 + -47?
-4b
In base 7, what is 2 + -3?
-1
In base 5, what is 332 - 3?
324
In base 3, what is 2001 + 11202?
20210
In base 3, what is 22022 - -2111?
101210
In base 10, what is 45 + 19?
64
In base 3, what is -101 - -21021?
20220
In base 5, what is 33 - -213?
301
In base 9, what is -46 - 0?
-46
In base 2, what is 1001000100 + 10?
1001000110
In base 13, what is 3 - 36?
-33
In base 13, what is 306 + -3?
303
In base 5, what is -31 + -40?
-121
In base 8, what is -562 + -14?
-576
In base 7, what is -526 + 20?
-506
In base 12, what is 64 + -1?
63
In base 11, what is -10 - -a?
-1
In base 15, what is 0 + a?
a
In base 2, what is 10010 + 110101111?
111000001
In base 5, what is 12 + -121?
-104
In base 4, what is -111 - 0?
-111
In base 9, what is 5 - -2183?
2188
In base 2, what is 10010 + -10?
10000
In base 9, what is 0 - 3422?
-3422
In base 8, what is -113 - -10?
-103
In base 9, what is -1 - -1131?
1130
In base 12, what is 4 - -73?
77
In base 4, what is 330 + 1313?
2303
In base 2, what is 10011 + -101?
1110
In base 6, what is -3544 - 1?
-3545
In base 11, what is -355 - 2?
-357
In base 3, what is -10 - 220?
-1000
In base 14, what is -c - -4c?
40
In base 10, what is 5 + -350?
-345
In base 13, what is -b + -16?
-24
In base 3, what is 21 - 202?
-111
In base 3, what is -121 - 1?
-122
In base 2, what is 100100 + 1010001?
1110101
In base 9, what is 4 - 3?
1
In base 12, what is 5 - 16b4?
-16ab
In base 7, what is 1301 - -5?
1306
In base 3, what is 21 - -10010?
10101
In base 4, what is 3033 + -10?
3023
In base 14, what is b + -252?
-245
In base 6, what is -14 - -55?
41
In base 4, what is -10223010 + -3?
-10223013
In base 10, what is 68 + 1?
69
In base 16, what is 6 - -713?
719
In base 8, what is -46 + -2?
-50
In base 5, what is 140 + 3?
143
In base 9, what is -40 + -3?
-43
In base 11, what is 39 - -6?
44
In base 4, what is -11 + -30110?
-30121
In base 15, what is 141e - 1?
141d
In base 14, what is -a9a + -1?
-a9b
In base 3, what is -220112 + 0?
-220112
In base 13, what is -24a7 + 5?
-24a2
In base 8, what is 3 + -5?
-2
In base 9, what is 0 + -3208?
-3208
In base 12, what is -1a + 8?
-12
In base 9, what is 0 - 41?
-41
In base 8, what is 1212 + -3?
1207
In base 7, what is -113 - 51?
-164
In base 10, what is -160 - -5?
-155
In base 3, what is 10 - 110210?
-110200
In base 6, what is -340 - -30?
-310
In base 6, what is 20 + 150?
210
In base 8, what is 4 - -11663?
11667
In base 4, what is -1021 - 13?
-1100
In base 2, what is -11 + -10111011?
-10111110
In base 10, what is 3 + 23?
26
In base 8, what is 352 + -4?
346
In base 15, what is 3 + 4?
7
In base 11, what is -3a34 - 5?
-3a39
In base 14, what is -17a + -2?
-17c
In base 15, what is a + -a?
0
In base 5, what is 223 + 34?
312
In base 14, what is -30 - 3?
-33
In base 8, what is -5 + -2047?
-2054
In base 10, what is 0 + 1292?
1292
In base 14, what is -9 - 36b?
-376
In base 12, what is -31 + -40?
-71
In base 16, what is -248 - -5?
-243
In base 16, what is -1ec + 3?
-1e9
In base 6, what is 233 + -145?
44
In base 4, what is -11 - -113?
102
In base 9, what is 2 - -62?
64
In base 6, what is -251 - -10?
-241
In base 11, what is -2 + -12?
-14
In base 13, what is 40 - 8?